t is x(30)?
-281
Let i(z) = -17123*z + 753402. What is i(44)?
-10
Let g(a) = 3*a**3 - 46*a**2 - 12*a + 211. Give g(2).
27
Let x(w) = 5*w**2 + 2097*w + 16522. What is x(-8)?
66
Let i(g) = -14912*g + 27035463. Give i(1813).
7
Let h(m) = -174*m**2 - 10096*m - 260. Give h(-58).
-28
Let h(s) = -957*s + 2871. Give h(3).
0
Let a(f) = -7*f**3 + 190*f**2 + 70*f - 912. Give a(27).
1707
Let b(y) = 2*y**3 + 219*y**2 + 75*y - 3814. Give b(-109).
-108
Let l(g) = 17862*g - 7234106. Give l(405).
4
Let r(w) = -141*w**2 - 154822*w - 4408. What is r(-1098)?
-16
Let d(q) = 26547*q**2 - 53091*q + 9. Calculate d(2).
15
Let b(d) = d**3 - 1414*d**2 - 21557*d + 174370. Determine b(1429).
32
Let t(y) = -3*y**2 + 806*y - 2123. Determine t(266).
5
Let i(x) = 30*x**3 + 7*x**2 - 52*x - 135. What is i(-3)?
-726
Let h(k) = -k**3 - 19*k**2 - 99*k - 154. Give h(-11).
-33
Let u(v) = v**2 + 626*v - 11129. What is u(17)?
-198
Let h(y) = 1241*y + 27349. Determine h(-22).
47
Let m(u) = -8137*u + 244105. Calculate m(30).
-5
Let c(m) = 2*m**3 + 146*m**2 - 1698*m - 3031. Give c(-83).
123
Let j(z) = -73*z**2 + 47*z - 141. Calculate j(3).
-657
Let b(a) = 31*a**2 - 746*a + 8. Calculate b(0).
8
Let w(n) = 131813*n - 2636261. Calculate w(20).
-1
Let v(d) = -d**3 - 180*d**2 + 145*d + 89457. What is v(-178)?
279
Let r(f) = 238*f + 7435. Determine r(-29).
533
Let x(q) = 2*q**3 + 2*q**2 - 85*q - 27. What is x(-11)?
-1512
Let g(u) = -6*u**2 + 459*u + 7921. Give g(91).
4
Let c(y) = 2*y**2 + 162835*y - 1139914. Give c(7).
29
Let p(m) = 6*m**2 + 28*m - 29. Give p(3).
109
Let y(k) = -76*k**2 - 305*k - 34. What is y(-4)?
-30
Let j(z) = -5*z**3 - 689*z**2 - 17227*z - 701. Determine j(-105).
34
Let l(z) = -299*z + 262872. What is l(879)?
51
Let c(k) = k**2 + 65*k - 137. Determine c(2).
-3
Let g(m) = 83*m**2 - 793*m + 778. Give g(8).
-254
Let d(p) = -54869*p - 5102705. What is d(-93)?
112
Let q(g) = 2*g**3 + 44*g**2 - 627*g - 11972. What is q(-19)?
2107
Let x(p) = 1251*p**3 + 2*p**2 - 53*p - 56. Determine x(-1).
-1252
Let b(q) = -12980*q + 115984. Calculate b(9).
-836
Let m(d) = -d**2 + 9074*d - 2163097. What is m(245)?
8
Let q(v) = -404*v + 2384. Give q(6).
-40
Let z(a) = 808*a + 66083. Determine z(-82).
-173
Let w(y) = -850*y - 170942. Give w(-201).
-92
Let z(x) = -911*x - 18281. What is z(-20)?
-61
Let s(q) = 1300*q + 36566. Determine s(-28).
166
Let w(o) = -2210*o**2 + 6641*o - 7. Calculate w(3).
26
Let x(c) = 164*c + 36577. Give x(-223).
5
Let k(p) = -1066*p + 10341. Give k(7).
2879
Let z(d) = 1995*d - 317. Determine z(0).
-317
Let u(z) = -11*z**3 + 56*z**2 + 16*z - 76. Calculate u(5).
29
Let t(i) = 34*i**3 + 14888*i**2 - 1678*i + 32420. Calculate t(-438).
8
Let t(w) = -1107*w - 26903. Calculate t(-25).
772
Let k(a) = -5*a**3 + 162*a**2 - 470*a - 664. Determine k(29).
3
Let t(r) = 2*r**3 + 521*r**2 - 790*r - 1249. Calculate t(-262).
-201
Let a(k) = 3*k**3 + 544*k**2 + 191*k + 1885. Determine a(-181).
75
Let s(b) = 14*b**3 + 13*b**2 - 116*b + 70. Determine s(2).
2
Let g(q) = -4*q**3 + 200*q**2 - 405*q + 10220. Calculate g(49).
-21
Let o(w) = -10499*w + 356565. Calculate o(34).
-401
Let q(t) = 388*t**2 - 43*t. Determine q(2).
1466
Let x(n) = n**2 + 59310*n + 237240. Calculate x(-4).
16
Let w(h) = -2*h**2 + 109*h - 1900. What is w(19)?
-551
Let q(f) = f**2 - 1356*f - 17745. Determine q(-13).
52
Let d(q) = -5456*q + 38042. Give d(7).
-150
Let p(m) = -4*m**2 + 760*m - 10427. Give p(175).
73
Let d(m) = -558*m + 62936. Give d(110).
1556
Let d(u) = -1589*u + 155024. What is d(97)?
891
Let g(m) = -139*m**2 + 13065*m + 64. Determine g(94).
-30
Let t(w) = w**3 - 23*w**2 + 459*w - 7324. Determine t(19).
-47
Let v(c) = 4*c**3 - 592*c**2 + 1167*c + 185. Give v(146).
39
Let y(i) = 1649*i + 644759. Give y(-391).
0
Let d(c) = c**3 + 476*c**2 + 1904*c + 7571. Give d(-472).
19
Let b(i) = -2*i**3 + 180*i**2 - 141*i - 3407. What is b(89)?
-114
Let w(f) = 67*f**2 - 414*f + 765. Calculate w(4).
181
Let k(v) = v**3 + 10*v**2 + 1293. Give k(-16).
-243
Let j(m) = 4025*m - 24468. Determine j(6).
-318
Let o(u) = -3*u**2 + 5130*u - 81790. What is o(16)?
-478
Let h(i) = -2441*i + 90088. Give h(37).
-229
Let v(p) = -p**3 - 51*p**2 - 13*p + 6293. Determine v(-48).
5
Let l(i) = -111235*i + 1668528. Calculate l(15).
3
Let m(d) = -8051*d + 1714878. Calculate m(213).
15
Let i(w) = -22*w**3 + 767*w**2 - 641*w - 84. What is i(34)?
86
Let t(m) = 3*m**3 + 887*m**2 - 274*m + 6483. Determine t(-296).
-29
Let y(w) = -5*w + 58. Determine y(-58).
348
Let z(m) = -m**3 + 53*m**2 + 472*m - 171. Give z(61).
-1147
Let w(p) = 2795*p**2 + 225*p - 225. Calculate w(1).
2795
Let i(q) = 68*q - 4347. What is i(64)?
5
Let a(f) = 49*f + 5810. Give a(-135).
-805
Let s(x) = -2*x**2 + 429*x - 7101. What is s(193)?
1198
Let u(t) = -6*t**2 - 2829*t - 13965. Give u(-5).
30
Let c(g) = 3*g**2 - 218*g + 3509. Give c(23).
82
Let k(r) = -939543*r + 2818650. Give k(3).
21
Let o(r) = -r**2 - 485*r - 58159. Calculate o(-216).
-55
Let c(r) = r**2 - 1093*r + 184075. What is c(208)?
-5
Let u(a) = 428*a - 13702. Calculate u(32).
-6
Let m(q) = 26*q**2 + 789*q - 69. Give m(-32).
1307
Let i(q) = -4*q**3 - 16*q**2 - 140*q - 353. Calculate i(-3).
31
Let i(g) = 2*g**3 + 16*g**2 - 50*g + 81. Calculate i(-16).
-3215
Let b(z) = z**2 - 221*z - 5725. Determine b(244).
-113
Let w(j) = 4*j**2 - 2610*j - 97704. What is w(688)?
-8
Let i(f) = -f**3 - 464*f**2 + 3278*f - 7970. What is i(-471)?
979
Let d(n) = -1947*n + 11959. What is d(6)?
277
Let a(r) = 201*r**2 + 259*r + 9. Determine a(-2).
295
Let t(a) = -a**2 + 77*a - 788. What is t(67)?
-118
Let c(f) = -f**2 - 3307*f - 162759. What is c(-50)?
91
Let w(h) = -h**3 + 38*h**2 - 155*h + 1343. Determine w(35).
-407
Let t(h) = h**3 + 6*h**2 - 141*h - 1349. Give t(13).
29
Let n(c) = -318*c**2 + c - 8. Give n(-2).
-1282
Let x(a) = -738*a + 26716. Determine x(37).
-590
Let k(o) = o**2 - 661*o + 105369. Calculate k(270).
-201
Let q(d) = 101099*d - 3437334. Calculate q(34).
32
Let a(x) = 2321*x - 32180. Determine a(15).
2635
Let y(m) = 1853*m + 815319. Give y(-440).
-1
Let s(q) = -17*q**3 - 14*q**2 - 36*q - 1. Calculate s(-3).
440
Let p(w) = -46*w**2 - 653*w - 191. Calculate p(-15).
-746
Let u(m) = 13904*m - 69566. What is u(5)?
-46
Let v(n) = 15942*n - 6344918. What is v(398)?
-2
Let i(a) = -1195*a - 7242. Determine i(-6).
-72
Let d(y) = -2*y**2 - 1757*y + 837947. What is d(343)?
-2
Let w(a) = a**3 - 774*a**2 - 5452*a + 72. Give w(-7).
-33
Let y(q) = -q**3 + 51*q**2 + 441*q - 9006. Give y(56).
10
Let w(b) = 2*b**3 + 10*b**2 + 401*b + 1579. Give w(-4).
7
Let x(s) = 9*s**3 + 5*s**2 + 92*s + 1. Calculate x(0).
1
Let x(v) = -2*v**2 + 2111*v - 226113. Give x(121).
36
Let t(k) = 2*k**2 + 12*k - 69. Give t(-63).
7113
Let n(t) = 3353*t - 271700. Determine n(81).
-107
Let a(v) = 24286*v - 1190043. What is a(49)?
-29
Let x(s) = s**3 + 13*s**2 + 395*s + 1124. Determine x(-3).
29
Let a(i) = 1369*i - 249208. Determine a(182).
-50
Let f(b) = b**3 - 172*b**2 - 352*b + 1565. Give f(174).
869
Let p(s) = 4*s**3 + 171*s**2 + 706*s - 600. Determine p(-38).
8
Let q(y) = -147*y**3 + 1472*y**2 - 25*y + 83. Calculate q(10).
33
Let p(j) = 14*j**3 + 3991*j**2 + 309*j + 6839. Determine p(-285).
-1
Let b(d) = 7*d**2 + 194*d - 223. Calculate b(-31).
490
Let o(h) = 532753*h - 11187846. Determine o(21).
-33
Let x(y) = -y**3 - 79*y**2 + 500*y - 1484. Calculate x(-85).
-634
Let c(x) = -x**2 + 350*x - 26336. Give c(239).
193
Let a(g) = g**3 + 955*g**2 + 2796*g + 1757270. What is a(-954)?
2
Let c(h) = -889*h + 7093. Determine c(9).
-908
Let x(s) = 1099*s + 16699. Give x(-15).
214
Let f(r) = r**2 + 174*r - 562. Determine f(-183).
1085
Let c(f) = 7*f**3 + 11*f**2 - 1718*f - 8627. Calculate c(-5).
-637
Let f(g) = -g**2 + 251*g - 13490. Calculate f(126).
2260
Let j(m) = -m**3 + 129*m**2 - 615*m - 680. Calculate j(124).
-60
Let l(s) = 795*s + 4669. Give l(-6).
-101
Let t(m) = 2*m**2 + 3947*m + 7883. Give t(-2).
-3
Let d(a) = -4*a**2 + 5*a + 8228. Give d(46).
-6
Let l(q) = 48562*q + 1262610. Calculate l(-26).
-2
Let r(y) = -58*y**2 + 3506*y + 5659. Give r(62).
79
Let h(n) = -2*n**3 + 45*n**2 - 21*n + 989. Determine h(23).
-23
Let f(v) = -10204*v + 121054. Calculate f(12).
-1394
Let s(f) = 49*f**3 + 7*f**2 + 22*f - 132. Determine s(4).
3204
Let f(w) = 3*w**3 - 4*w**2 - 3*w - 2. Calc